
What is the remainder when 14429 is divided by 158?
51
What is the remainder when 26877 is divided by 4967?
2042
Calculate the remainder when 870766 is divided by 863.
862
What is the remainder when 12311 is divided by 122?
111
What is the remainder when 39091 is divided by 235?
81
What is the remainder when 54923 is divided by 96?
11
Calculate the remainder when 35461 is divided by 106.
57
Calculate the remainder when 12349 is divided by 26.
25
Calculate the remainder when 14326 is divided by 7150.
26
Calculate the remainder when 5800 is divided by 77.
25
Calculate the remainder when 32794 is divided by 10929.
7
What is the remainder when 29830 is divided by 55?
20
What is the remainder when 17486 is divided by 603?
602
Calculate the remainder when 354 is divided by 101.
51
Calculate the remainder when 16505 is divided by 8233.
39
Calculate the remainder when 79858 is divided by 13308.
10
What is the remainder when 140648 is divided by 144?
104
What is the remainder when 1876 is divided by 199?
85
What is the remainder when 807359 is divided by 320?
319
What is the remainder when 47514 is divided by 699?
681
Calculate the remainder when 7954 is divided by 218.
106
What is the remainder when 3829 is divided by 148?
129
What is the remainder when 14662 is divided by 118?
30
What is the remainder when 3652 is divided by 114?
4
Calculate the remainder when 396182 is divided by 17.
14
What is the remainder when 135481 is divided by 5?
1
What is the remainder when 1246041 is divided by 975?
966
What is the remainder when 423 is divided by 116?
75
What is the remainder when 7870 is divided by 192?
190
What is the remainder when 3969 is divided by 213?
135
Calculate the remainder when 15666 is divided by 1470.
966
Calculate the remainder when 5310 is divided by 222.
204
What is the remainder when 22379 is divided by 7405?
164
Calculate the remainder when 11668 is divided by 312.
124
Calculate the remainder when 19658 is divided by 18949.
709
What is the remainder when 714 is divided by 559?
155
Calculate the remainder when 138508 is divided by 171.
169
What is the remainder when 245699 is divided by 5118?
35
What is the remainder when 8722 is divided by 78?
64
Calculate the remainder when 3420 is divided by 700.
620
Calculate the remainder when 128606 is divided by 68.
18
What is the remainder when 7523 is divided by 70?
33
Calculate the remainder when 4684 is divided by 356.
56
Calculate the remainder when 47516 is divided by 47484.
32
Calculate the remainder when 408989 is divided by 643.
41
What is the remainder when 98071 is divided by 49019?
33
What is the remainder when 38965 is divided by 6?
1
Calculate the remainder when 17724 is divided by 931.
35
What is the remainder when 5573 is divided by 459?
65
What is the remainder when 5043 is divided by 5015?
28
Calculate the remainder when 7115 is divided by 2363.
26
Calculate the remainder when 81830 is divided by 30.
20
Calculate the remainder when 12735 is divided by 3162.
87
Calculate the remainder when 48751 is divided by 488.
439
What is the remainder when 17974 is divided by 64?
54
Calculate the remainder when 1635001 is divided by 1592.
17
Calculate the remainder when 4367849 is divided by 74.
73
What is the remainder when 482669 is divided by 388?
385
Calculate the remainder when 385487 is divided by 144.
143
Calculate the remainder when 3025 is divided by 384.
337
Calculate the remainder when 207765 is divided by 264.
261
What is the remainder when 1237 is divided by 1099?
138
What is the remainder when 522532 is divided by 1633?
1605
Calculate the remainder when 1018927 is divided by 3.
1
Calculate the remainder when 15691 is divided by 113.
97
What is the remainder when 1018799 is divided by 225?
224
Calculate the remainder when 13373 is divided by 478.
467
What is the remainder when 2471 is divided by 256?
167
Calculate the remainder when 5351829 is divided by 81.
78
What is the remainder when 6281549 is divided by 810?
809
What is the remainder when 218 is divided by 88?
42
Calculate the remainder when 17897 is divided by 4256.
873
Calculate the remainder when 57502 is divided by 96.
94
What is the remainder when 311227 is divided by 22?
15
Calculate the remainder when 22816 is divided by 3245.
101
Calculate the remainder when 25505 is divided by 691.
629
Calculate the remainder when 8217 is divided by 1641.
12
What is the remainder when 29560 is divided by 12?
4
Calculate the remainder when 1858 is divided by 445.
78
What is the remainder when 9588 is divided by 454?
54
What is the remainder when 24780 is divided by 1805?
1315
Calculate the remainder when 42092 is divided by 20660.
772
What is the remainder when 8276 is divided by 2057?
48
Calculate the remainder when 239556 is divided by 9582.
6
What is the remainder when 1200 is divided by 41?
11
Calculate the remainder when 1319 is divided by 385.
164
What is the remainder when 5651 is divided by 297?
8
Calculate the remainder when 2091 is divided by 27.
12
Calculate the remainder when 125542 is divided by 4483.
18
What is the remainder when 84 is divided by 71?
13
What is the remainder when 530398 is divided by 11?
0
Calculate the remainder when 1125 is divided by 59.
4
Calculate the remainder when 33780 is divided by 5625.
30
What is the remainder when 144151 is divided by 41?
36
Calculate the remainder when 1133321 is divided by 178.
173
What is the remainder when 303931 is divided by 21?
19
Calculate the remainder when 10599 is divided by 2099.
104
Calculate the remainder when 117898 is divided by 60.
58
Calculate the remainder when 26457 is divided by 26447.
10
Calculate the remainder when 608 is divided by 34.
30
Calculate the remainder when 552 is divided by 70.
62
Calculate the remainder when 52796 is divided by 4398.
20
What is the remainder when 28883 is divided by 28867?
16
What is the remainder when 14354 is divided by 116?
86
Calculate the remainder when 36892 is divided by 147.
142
Calculate the remainder when 12332 is divided by 966.
740
Calculate the remainder when 43479 is divided by 13.
7
What is the remainder when 9769 is divided by 654?
613
Calculate the remainder when 3404 is divided by 1770.
1634
What is the remainder when 2199 is divided by 733?
0
Calculate the remainder when 5793 is divided by 19.
17
Calculate the remainder when 13789 is divided by 82.
13
Calculate the remainder when 375 is divided by 154.
67
Calculate the remainder when 323348 is divided by 648.
644
Calculate the remainder when 4630 is divided by 4580.
50
What is the remainder when 14235 is divided by 14225?
10
What is the remainder when 16971 is divided by 274?
257
Calculate the remainder when 6340 is divided by 6295.
45
Calculate the remainder when 10247 is divided by 5123.
1
What is the remainder when 2852 is divided by 2846?
6
Calculate the remainder when 17008 is divided by 891.
79
What is the remainder when 117844 is divided by 74?
36
What is the remainder when 3834 is divided by 65?
64
Calculate the remainder when 670 is divided by 610.
60
What is the remainder when 511608 is divided by 129?
123
Calculate the remainder when 766401 is divided by 66.
9
Calculate the remainder when 4686 is divided by 68.
62
Calculate the remainder when 115383 is divided by 55.
48
Calculate the remainder when 4986 is divided by 833.
821
Calculate the remainder when 116843 is divided by 266.
69
What is the remainder when 874 is divided by 677?
197
What is the remainder when 5899 is divided by 420?
19
Calculate the remainder when 295 is divided by 31.
16
Calculate the remainder when 1764682 is divided by 882336.
10
What is the remainder when 13354 is divided by 53?
51
Calculate the remainder when 193119 is divided by 85.
84
Calculate the remainder when 7610 is divided by 3799.
12
What is the remainder when 1189920 is divided by 7986?
6
Calculate the remainder when 632784 is divided by 34.
10
What is the remainder when 1384 is divided by 57?
16
Calculate the remainder when 24237 is divided by 24056.
181
Calculate the remainder when 98546 is divided by 527.
524
Calculate the remainder when 16124 is divided by 3812.
876
Calculate the remainder when 1637 is divided by 1574.
63
Calculate the remainder when 110175 is divided by 110165.
10
Calculate the re